{"id":44,"date":"2016-07-05T15:10:37","date_gmt":"2016-07-05T14:10:37","guid":{"rendered":"http:\/\/www.forst-gschwandtner.at\/wordpress\/?page_id=44"},"modified":"2020-12-17T13:04:01","modified_gmt":"2020-12-17T12:04:01","slug":"holzschlaegerungen","status":"publish","type":"page","link":"http:\/\/www.forst-gschwandtner.at\/?page_id=44","title":{"rendered":"Holzschl\u00e4gerungen"},"content":{"rendered":"<p><a href=\"http:\/\/www.forst-gschwandtner.at\/wordpress\/wp-content\/uploads\/2016\/09\/Logo_Holzschlaegerungen.png\"><img decoding=\"async\" loading=\"lazy\" class=\"wp-image-246 size-medium aligncenter\" src=\"http:\/\/www.forst-gschwandtner.at\/wordpress\/wp-content\/uploads\/2016\/09\/Logo_Holzschlaegerungen-300x243.png\" alt=\"\" width=\"300\" height=\"243\" srcset=\"http:\/\/www.forst-gschwandtner.at\/wordpress\/wp-content\/uploads\/2016\/09\/Logo_Holzschlaegerungen-300x243.png 300w, http:\/\/www.forst-gschwandtner.at\/wordpress\/wp-content\/uploads\/2016\/09\/Logo_Holzschlaegerungen-1024x832.png 1024w, http:\/\/www.forst-gschwandtner.at\/wordpress\/wp-content\/uploads\/2016\/09\/Logo_Holzschlaegerungen.png 1500w\" sizes=\"(max-width: 300px) 100vw, 300px\" \/><\/a><\/p>\n<p style=\"text-align: center;\">Forst-Gschwandtner f\u00e4llt B\u00e4ume aller Art,<br \/>\negal ob Einzelstehende B\u00e4ume, Baumgruppen, Schl\u00e4ge, Windwurf und Windbruch uvm.<br \/>\nNach Wunsch wird der Baum aufgearbeitet bzw. k\u00fcmmern wir uns um den Abtransport und die fachgerechte Entsorgung,<br \/>\nfalls keine Verwendung f\u00fcr das Holz besteht.<\/p>\n<p style=\"text-align: center;\">Handelt es sich beim Abtragen eines Baumes um ein \u201eProblemkind\u201c<br \/>\nund dieser kann aus verschiedenen Gr\u00fcnden nicht wie gewohnt aufgearbeitet werden, so sind Sie bei uns genau richtig.<br \/>\nDer Baum wird entweder St\u00fcck f\u00fcr St\u00fcck abgetragen oder mittels modernen Ger\u00e4tschaften weggehoben.<\/p>\n<p style=\"text-align: center;\">Besondere Situationen erfordern besondere Ma\u00dfnahmen.<\/p>\n<p style=\"text-align: center;\">Geht nicht, gibt`s nicht.<\/p>\n<p style=\"text-align: center;\"><span class=\"text-class-1\">Jedem Auftrag wird\u00a0Zeit und M\u00fche gewidmet.<\/span><\/p>\n<div align=\"center\"><span class=\"text-class-1\">Zum Ziel habe ich mir gesetzt,<\/span><\/div>\n<div align=\"center\"><span class=\"text-class-1\">auf die besonderen W\u00fcnsche von Kunden ein zu gehen<\/span><\/div>\n<div align=\"center\"><span class=\"text-class-1\">und sie Wirklichkeit werden zu lassen.<\/span><\/div>\n<div align=\"center\"><span class=\"text-class-1\">\u00a0<\/span><\/div>\n<div align=\"center\"><span class=\"text-class-1\">ICH<\/span><\/div>\n<div align=\"center\"><span class=\"text-class-1\">versichere mit allen Angeboten<br \/>\nPREIS- und LEISTUNGSVERH\u00c4LTNIS, das passt &#8230;<br \/>\n<\/span><\/div>\n<div align=\"center\"><span class=\"text-class-1\">St\u00f6bern Sie durch die Webseite <\/span><\/div>\n<div align=\"center\"><span class=\"text-class-1\">und erfahren Sie mehr \u00fcber mich<\/span><\/div>\n<div align=\"center\"><span class=\"text-class-1\">oder setzen Sie sich direkt\u00a0in Verbindung. <\/span><\/div>\n<div align=\"center\"><span class=\"text-class-1\">\u00a0<\/span><\/div>\n<div align=\"center\"><span class=\"text-class-1\">GSCHWANDTNER Franz<\/span><\/div>\n<div align=\"center\"><span class=\"text-class-1\">Tel. +43 664 47 59 59 4<\/span><\/div>\n<div align=\"center\"><span class=\"text-class-1\">Mitterzinkenweg 2<\/span><\/div>\n<div align=\"center\"><span class=\"text-class-1\">4820 Bad Ischl<\/span><\/div>\n<div align=\"center\"><span class=\"text-class-1\">\u00a0<\/span><\/div>\n<div align=\"center\"><span class=\"text-class-1\">Ich freue mich \u00fcber Ihren Anruf!<\/span><\/div>\n<div align=\"center\"><span class=\"text-class-1\">\u00a0<\/span><\/div>\n<div align=\"center\"><span class=\"text-class-1\">Schauen Sie mal wieder rein, <\/span><\/div>\n<div align=\"center\"><span class=\"text-class-1\">um\u00a0\u00fcber Neuigkeiten informiert zu sein.<\/span><\/div>\n","protected":false},"excerpt":{"rendered":"<p>Forst-Gschwandtner f\u00e4llt B\u00e4ume aller Art, egal ob Einzelstehende B\u00e4ume, Baumgruppen, Schl\u00e4ge, Windwurf und Windbruch uvm. Nach Wunsch wird der Baum aufgearbeitet bzw. k\u00fcmmern wir uns um den Abtransport und die fachgerechte Entsorgung, falls keine Verwendung f\u00fcr das Holz besteht. Handelt es sich beim Abtragen eines Baumes um ein \u201eProblemkind\u201c und dieser kann aus verschiedenen Gr\u00fcnden [&hellip;]<\/p>\n","protected":false},"author":2,"featured_media":0,"parent":0,"menu_order":0,"comment_status":"closed","ping_status":"closed","template":"","meta":{"footnotes":""},"_links":{"self":[{"href":"http:\/\/www.forst-gschwandtner.at\/index.php?rest_route=\/wp\/v2\/pages\/44"}],"collection":[{"href":"http:\/\/www.forst-gschwandtner.at\/index.php?rest_route=\/wp\/v2\/pages"}],"about":[{"href":"http:\/\/www.forst-gschwandtner.at\/index.php?rest_route=\/wp\/v2\/types\/page"}],"author":[{"embeddable":true,"href":"http:\/\/www.forst-gschwandtner.at\/index.php?rest_route=\/wp\/v2\/users\/2"}],"replies":[{"embeddable":true,"href":"http:\/\/www.forst-gschwandtner.at\/index.php?rest_route=%2Fwp%2Fv2%2Fcomments&post=44"}],"version-history":[{"count":14,"href":"http:\/\/www.forst-gschwandtner.at\/index.php?rest_route=\/wp\/v2\/pages\/44\/revisions"}],"predecessor-version":[{"id":385,"href":"http:\/\/www.forst-gschwandtner.at\/index.php?rest_route=\/wp\/v2\/pages\/44\/revisions\/385"}],"wp:attachment":[{"href":"http:\/\/www.forst-gschwandtner.at\/index.php?rest_route=%2Fwp%2Fv2%2Fmedia&parent=44"}],"curies":[{"name":"wp","href":"https:\/\/api.w.org\/{rel}","templated":true}]}}

Holzschlägerungen

<p><a href="http://www.forst-gschwandtner.at/wordpress/wp-content/uploads/2016/09/Logo_Holzschlaegerungen.png"><img decoding="async" loading="lazy" class="wp-image-246 size-medium aligncenter" src="http://www.forst-gschwandtner.at/wordpress/wp-content/uploads/2016/09/Logo_Holzschlaegerungen-300x243.png" alt="" width="300" height="243" srcset="http://www.forst-gschwandtner.at/wordpress/wp-content/uploads/2016/09/Logo_Holzschlaegerungen-300x243.png 300w, http://www.forst-gschwandtner.at/wordpress/wp-content/uploads/2016/09/Logo_Holzschlaegerungen-1024x832.png 1024w, http://www.forst-gschwandtner.at/wordpress/wp-content/uploads/2016/09/Logo_Holzschlaegerungen.png 1500w" sizes="(max-width: 300px) 100vw, 300px" /></a></p>
<p style="text-align: center;">Forst-Gschwandtner fällt Bäume aller Art,<br />
egal ob Einzelstehende Bäume, Baumgruppen, Schläge, Windwurf und Windbruch uvm.<br />
Nach Wunsch wird der Baum aufgearbeitet bzw. kümmern wir uns um den Abtransport und die fachgerechte Entsorgung,<br />
falls keine Verwendung für das Holz besteht.</p>
<p style="text-align: center;">Handelt es sich beim Abtragen eines Baumes um ein „Problemkind“<br />
und dieser kann aus verschiedenen Gründen nicht wie gewohnt aufgearbeitet werden, so sind Sie bei uns genau richtig.<br />
Der Baum wird entweder Stück für Stück abgetragen oder mittels modernen Gerätschaften weggehoben.</p>
<p style="text-align: center;">Besondere Situationen erfordern besondere Maßnahmen.</p>
<p style="text-align: center;">Geht nicht, gibt`s nicht.</p>
<p style="text-align: center;"><span class="text-class-1">Jedem Auftrag wird Zeit und Mühe gewidmet.</span></p>
<div align="center"><span class="text-class-1">Zum Ziel habe ich mir gesetzt,</span></div>
<div align="center"><span class="text-class-1">auf die besonderen Wünsche von Kunden ein zu gehen</span></div>
<div align="center"><span class="text-class-1">und sie Wirklichkeit werden zu lassen.</span></div>
<div align="center"><span class="text-class-1"> </span></div>
<div align="center"><span class="text-class-1">ICH</span></div>
<div align="center"><span class="text-class-1">versichere mit allen Angeboten<br />
PREIS- und LEISTUNGSVERHÄLTNIS, das passt &#8230;<br />
</span></div>
<div align="center"><span class="text-class-1">Stöbern Sie durch die Webseite </span></div>
<div align="center"><span class="text-class-1">und erfahren Sie mehr über mich</span></div>
<div align="center"><span class="text-class-1">oder setzen Sie sich direkt in Verbindung. </span></div>
<div align="center"><span class="text-class-1"> </span></div>
<div align="center"><span class="text-class-1">GSCHWANDTNER Franz</span></div>
<div align="center"><span class="text-class-1">Tel. +43 664 47 59 59 4</span></div>
<div align="center"><span class="text-class-1">Mitterzinkenweg 2</span></div>
<div align="center"><span class="text-class-1">4820 Bad Ischl</span></div>
<div align="center"><span class="text-class-1"> </span></div>
<div align="center"><span class="text-class-1">Ich freue mich über Ihren Anruf!</span></div>
<div align="center"><span class="text-class-1"> </span></div>
<div align="center"><span class="text-class-1">Schauen Sie mal wieder rein, </span></div>
<div align="center"><span class="text-class-1">um über Neuigkeiten informiert zu sein.</span></div>

<p>Forst-Gschwandtner fällt Bäume aller Art, egal ob Einzelstehende Bäume, Baumgruppen, Schläge, Windwurf und Windbruch uvm. Nach Wunsch wird der Baum aufgearbeitet bzw. kümmern wir uns um den Abtransport und die fachgerechte Entsorgung, falls keine Verwendung für das Holz besteht. Handelt es sich beim Abtragen eines Baumes um ein „Problemkind“ und dieser kann aus verschiedenen Gründen [&hellip;]</p>
